at is the ten thousands digit of 94428?
9
What is the thousands digit of 230537?
0
What is the units digit of 19268800?
0
What is the units digit of 507017?
7
What is the hundreds digit of 77273?
2
What is the tens digit of 1545220?
2
What is the hundreds digit of 2748660?
6
What is the thousands digit of 441341?
1
What is the hundreds digit of 633779?
7
What is the hundred thousands digit of 10216369?
2
What is the hundred thousands digit of 17236413?
2
What is the millions digit of 3360159?
3
What is the hundreds digit of 24688898?
8
What is the hundreds digit of 196107?
1
What is the thousands digit of 597908?
7
What is the units digit of 220884?
4
What is the ten thousands digit of 1708908?
0
What is the tens digit of 21226534?
3
What is the tens digit of 629238?
3
What is the hundreds digit of 19157960?
9
What is the hundred thousands digit of 417384?
4
What is the hundreds digit of 7458008?
0
What is the millions digit of 5451207?
5
What is the units digit of 39469841?
1
What is the ten thousands digit of 692025?
9
What is the hundreds digit of 85068?
0
What is the thousands digit of 110178?
0
What is the hundred thousands digit of 104280?
1
What is the ten thousands digit of 1942012?
4
What is the thousands digit of 750821?
0
What is the thousands digit of 212565?
2
What is the thousands digit of 2410430?
0
What is the thousands digit of 1048756?
8
What is the hundreds digit of 10815059?
0
What is the units digit of 26715?
5
What is the ten thousands digit of 2479706?
7
What is the hundred thousands digit of 4679359?
6
What is the hundred thousands digit of 444743?
4
What is the units digit of 3790115?
5
What is the ten thousands digit of 8939113?
3
What is the units digit of 634934?
4
What is the thousands digit of 1802114?
2
What is the hundreds digit of 10127142?
1
What is the ten thousands digit of 1109387?
0
What is the hundreds digit of 15282?
2
What is the ten thousands digit of 1384529?
8
What is the millions digit of 3066412?
3
What is the units digit of 1398916?
6
What is the units digit of 174971?
1
What is the ten thousands digit of 301091?
0
What is the hundreds digit of 2395666?
6
What is the tens digit of 18482387?
8
What is the hundred thousands digit of 217642?
2
What is the tens digit of 98756?
5
What is the millions digit of 2591259?
2
What is the units digit of 736862?
2
What is the units digit of 674488?
8
What is the units digit of 320048?
8
What is the millions digit of 2677895?
2
What is the hundred thousands digit of 3510551?
5
What is the ten thousands digit of 3744258?
4
What is the hundreds digit of 21125232?
2
What is the units digit of 589934?
4
What is the tens digit of 3246072?
7
What is the tens digit of 179980?
8
What is the tens digit of 548405?
0
What is the thousands digit of 537714?
7
What is the thousands digit of 134426?
4
What is the tens digit of 8960648?
4
What is the tens digit of 688197?
9
What is the hundreds digit of 115687?
6
What is the tens digit of 8363?
6
What is the millions digit of 13144059?
3
What is the thousands digit of 529179?
9
What is the hundreds digit of 2198542?
5
What is the hundreds digit of 3362224?
2
What is the ten thousands digit of 1010855?
1
What is the hundreds digit of 321404?
4
What is the millions digit of 4424235?
4
What is the ten thousands digit of 120280?
2
What is the units digit of 195909?
9
What is the tens digit of 6328226?
2
What is the units digit of 20447492?
2
What is the units digit of 2031582?
2
What is the hundred thousands digit of 2845665?
8
What is the hundreds digit of 384515?
5
What is the hundreds digit of 201562?
5
What is the ten thousands digit of 67070?
6
What is the tens digit of 10605171?
7
What is the thousands digit of 157258?
7
What is the hundred thousands digit of 133380?
1
What is the hundreds digit of 146797?
7
What is the ten thousands digit of 159104?
5
What is the ten thousands digit of 3881549?
8
What is the hundred thousands digit of 748022?
7
What is the units digit of 988176?
6
What is the hundreds digit of 426195?
1
What is the hundreds digit of 24434998?
9
What is the millions digit of 7751989?
7
What is the units digit of 88288?
8
What is the hundreds digit of 301200?
2
What is the tens digit of 225672?
7
What is the tens digit of 640886?
8
What is the ten thousands digit of 423810?
2
What is the ten thousands digit of 22669723?
6
What is the units digit of 2447811?
1
What is the hundred thousands digit of 447467?
4
What is the ten thousands digit of 132357?
3
What is the thousands digit of 28887?
8
What is the tens digit of 95615?
1
What is the hundred thousands digit of 6922447?
9
What is the units digit of 981595?
5
What is the units digit of 2849457?
7
What is the thousands digit of 860960?
0
What is the hundred thousands digit of 2374970?
3
What is the hundreds digit of 2118516?
5
What is the ten thousands digit of 7611887?
1
What is the hundred thousands digit of 253898?
2
What is the ten thousands digit of 520244?
2
What is the thousands digit of 1088693?
8
What is the hundred thousands digit of 6545921?
5
What is the thousands digit of 11583184?
3
What is the hundred thousands digit of 284199?
2
What is the thousands digit of 1300460?
0
What is the hundred thousands digit of 3421014?
4
What is the ten thousands digit of 89303?
8
What is the ten thousands digit of 23700331?
0
What is the hundred thousands digit of 701709?
7
What is the tens digit of 293664?
6
What is the tens digit of 390818?
1
What is the ten millions digit of 23035252?
2
What is the tens digit of 358958?
5
What is the millions digit of 1623644?
1
What is the millions digit of 1181156?
1
What is the thousands digit of 16207124?
7
What is the tens digit of 7150731?
3
What is the hundreds digit of 680459?
4
What is the thousands digit of 446095?
6
What is the ten thousands digit of 18814571?
1
What is the hundred thousands digit of 1927148?
9
What is the thousands digit of 682633?
2
What is the hundreds digit of 323278?
2
What is the units digit of 287653?
3
What is the ten thousands digit of 1679785?
7
What is the ten thousands digit of 9955046?
5
What is the ten thousands digit of 137098?
3
What is the hundred thousands digit of 333245?
3
What is the units digit of 91087?
7
What is the ten thousands digit of 125331?
2
What is the ten thousands digit of 117628?
1
What is the thousands digit of 185752?
5
What is the ten thousands digit of 182038?
8
What is the hundreds digit of 26351?
3
What is the thousands digit of 2322697?
2
What is the units digit of 1130388?
8
What is the ten thousands digit of 1201868?
0
What is the thousands digit of 945507?
5
What is the hundreds digit of 43620979?
9
What is the hundred thousands digit of 336189?
3
What is the tens digit of 56115?
1
What is the hundreds digit of 1201245?
2
What is the thousands digit of 97086?
7
What is the millions digit of 1034988?
1
What is the tens digit of 558812?
1
What is the units digit of 157578?
8
What is the thousands digit of 653855?
3
What is the ten thousands digit of 12557679?
5
What is the tens digit of 1498340?
4
What is the units digit of 3796650?
0
What is the tens digit of 235248?
4
What is the ten thousands digit of 5061303?
6
What is the tens digit of 150436?
3
What is the hundreds digit of 1801249?
2
What is the thousands digit of 631329?
1
What is the thousands digit of 3463385?
3
What is the units digit of 75138?
8
What is the tens digit of 675957?
5
What is the thousands digit of 419840?
9
What is the ten thousands digit of 490287?
9
What is the millions digit of 21728523?
1
What is the hundred thousands digit of 329474?
3
What is the ten thousands digit of 852244?
5
What is the millions digit of 1483657?
1
What is the thousands digit of 184461?
4
What is the tens digit of 220178?
7
What is the ten thousands digit of 1619180?
1
What is the hundred thousands digit of 4492207?
4
What is the thousands digit of 2959720?
9
What is the units digit of 101769?
9
What is the hundreds digit of 111817?
8
What is the thousands digit of 139093?
9
What is the hundreds digit of 214931?
9
What is the thousands digit of 1166533?
6
What is the hundreds digit of 4360705?
7
What is the hundred thousands digit of 350656?
3
What is the ten millions digit of 24386770?
2
What is t